 - 195828 = -37*x. Is x a composite number?
False
Let g = 5597 + -8615. Let b(s) = 1421*s - 4. Let q be b(3). Let n = q + g. Is n a composite number?
True
Let w(o) = -o**3 + o**2 + o + 5. Let c be w(0). Suppose -c*v + f + 0*f = 699, v + 139 = f. Let j = 331 + v. Is j a prime number?
True
Suppose 52*z + 14*z = 24111318. Is z a prime number?
False
Let u = 106414 - 59607. Is u composite?
False
Let p(t) = -1067*t + 7120. Is p(-131) a composite number?
True
Suppose 5*h + 35 = 5*t, 0 = 2*t - 5*h - 0*h - 26. Suppose t*x - 8354 + 2141 = 0. Is x composite?
True
Suppose -38*s - 88*s + 32*s = -74229074. Is s a prime number?
True
Suppose -3211899 = -190*o + 10211031. Is o composite?
True
Suppose -x = -395*y + 391*y - 348121, 0 = -x - 3*y + 348170. Is x a composite number?
False
Let x(t) = -t**3 - 6*t**2 + 10*t + 21. Let h be x(-7). Suppose -5*n + 5 = h, -3*g + 2076 = -3*n - 366. Is g composite?
True
Let g = -74454 + 11802. Is (-5)/(-25) + g/(-15) a composite number?
False
Suppose 5*s = 7*s - 24. Suppose -2*v - 4 = -4*b + s, 0 = -4*b + 20. Suppose i + 3*d - 17 = 30, v*d = -5*i + 287. Is i prime?
True
Let o be -3*(-3)/9 - 3/(-3). Suppose 2*q = 4*i - 8*i + 4906, i - o = 0. Is q composite?
True
Suppose -14*r + 61591 + 8227 = 0. Is r a composite number?
False
Let i = 284 - 287. Is (3271*(-5)/(-15))/((-1)/i) composite?
False
Suppose 0 = 6*l - 5*l - 2. Let y be (85/102)/(l/12). Suppose 0 = -4*t + u + 2377, -y*t = -u + 5*u - 2945. Is t prime?
True
Let q be 24/(-36) - 38464/(-6). Let d = -4312 + q. Is d composite?
True
Suppose -10*x = -14*x + 2*b + 292026, -2*b = 4*x - 292046. Is x a prime number?
True
Suppose x = -n + 6, -4*x + 6 = n - 0*n. Let b be n/(-18) + (-2)/(-6). Suppose b = y - 5*y + 716. Is y a composite number?
False
Suppose -3*c = -4*z + 27, -46 = -z + 5*c - 18. Suppose -z*y + n = -23475 - 55109, 3*y - 3*n - 78594 = 0. Is y prime?
False
Let c(y) = 346*y**2 + 58*y - 23. Is c(6) a composite number?
False
Suppose r + 2*b + 2 = 0, -3*r + 64 - 50 = -4*b. Suppose -18880 = -r*k + 2*c, -28*c = -26*c + 2. Is k a prime number?
True
Is (-6)/24 - (-4457019)/28 a composite number?
False
Let n(u) = 393*u**2 + 26*u - 28. Is n(3) composite?
True
Let r = 6720 + -3331. Is r a composite number?
False
Suppose 4*x = 5*p + 281602, 3*x - 10*p + 13*p = 211215. Is x a prime number?
False
Let v(u) = 7*u**2 + 5*u - 17. Let x(r) = 11*r**2 - 8*r - 6*r**2 - 1 - 4*r**2. Let a be x(7). Is v(a) composite?
True
Let u = 435953 + -238783. Is 2/(-16) + u/16 a composite number?
False
Suppose 4*y - 3924958 = -w, -2943699 = -303*y + 300*y - 4*w. Is y prime?
True
Let f(s) be the first derivative of 3*s**3 + 7*s**2/2 - 3*s - 132. Is f(5) a composite number?
False
Let a(p) = 103952*p**2 + 95*p + 92. Is a(-1) a composite number?
True
Let a be -36*(1/(-2))/(-1). Let y(r) be the first derivative of -r**3/3 - 41*r**2/2 + r - 1. Is y(a) a composite number?
True
Suppose 0 = 3387*x - 3362*x - 3167825. Is x prime?
True
Suppose -4*s - 54 = 3*h, -4*s + 116 = -5*h - 2*s. Let y(q) = -654*q + 65. Is y(h) prime?
False
Let b(q) = -q**3 - 56*q**2 - 56*q - 57. Let y be b(-55). Let j(x) be the first derivative of 126*x**3 + x**2/2 + x - 2. Is j(y) a prime number?
True
Is 26/4*1853924/403 a prime number?
False
Let p(o) = 3*o**2 + 4*o. Let v be p(-2). Let d(k) = -395*k**2 - 21. Let g be d(v). Let c = -4398 - g. Is c a composite number?
True
Let s(a) = -3*a + 67. Let d = 20 + -40. Let l be s(d). Suppose -48*k = -49*k + l. Is k a prime number?
True
Suppose -41*u + 81307 = -15*u - 7275. Is u composite?
False
Suppose -8*y - n = 4*n - 1246019, -2*y + 2*n + 311508 = 0. Is y composite?
True
Suppose 19*k + 390593 = 2606251 + 1895087. Is k a prime number?
False
Let w(i) = -13318*i + 1665. Is w(-29) prime?
False
Suppose -25186 = 11*t - 97203. Is t a composite number?
False
Suppose -9 = 4*t + 31. Let z(g) = -4*g + 53. Is z(t) composite?
True
Let d be (202 - (-2 - -6)) + 5. Suppose 2*x + 2*p = -p - 243, 0 = -2*x + 5*p - d. Let j = x - -407. Is j a composite number?
False
Let a(y) = -2 + 3*y**2 - 15*y + y**2 - 49*y**3 + 50*y**3 - 14*y**2. Let j = -19 - -31. Is a(j) a prime number?
False
Let l(x) = -2*x - 2. Let r be l(-2). Suppose 2*p - 5*u - 8 = 0, r*u + 4 = 5*p - 4*p. Suppose 0 = -p*j + 4*a + 9768, 5*a = 4*j - 10889 + 1116. Is j prime?
True
Let o = 55 + -31. Let l = -115 - -109. Is 3 + 55636/o - (-1)/l a composite number?
True
Let o(n) = 11304*n**2 + 3064*n - 3. Is o(4) composite?
True
Let l(m) = 19*m**3 + 4*m - 17. Let w be l(5). Suppose 3*g = 553 + w. Is g a composite number?
False
Let a = -4 + 12. Suppose -a*g - 6007 = -9*g. Let y = g - 1736. Is y a composite number?
False
Let i(z) = 43*z**2 + 3*z + 6. Let r be i(-4). Let y = 1059 - r. Is y a prime number?
False
Suppose l - 3137 - 1852 = 0. Suppose -4*p = -d - 729, -5*p - l + 1244 = 5*d. Is (d/20)/(-1 - -2)*-28 prime?
False
Let x be (-3)/(-6) - (-2)/((-8)/(-108550)). Suppose q - g = g + 27153, -q = g - x. Is q composite?
False
Let y(f) = f**2 + f - 32. Let q be y(-7). Suppose -q*r = -7*r - 2337. Suppose -r + 145 = -2*s. Is s composite?
False
Let v(s) = 33*s**3 - 65*s + 1022. Is v(15) a composite number?
True
Let k = -36239 + 50831. Let o = k - 7709. Is o prime?
True
Suppose -3*m = -14*m - 1474. Is m*(450/12)/(-15) composite?
True
Suppose -t = 4*b - 24, b - 47 = -4*t + 19. Is ((-4)/(t/317))/(2/(-424)) a prime number?
False
Let n(r) = -5354*r**3 - r**2 - 16*r - 38. Is n(-3) prime?
False
Let c be (3 - 4)*-13 + -6 + -3. Let z(m) be the third derivative of 7*m**4/12 - 17*m**3/6 + m**2. Is z(c) prime?
False
Suppose -7*c + 25570 - 171101 = -8*c. Is c a prime number?
True
Suppose -5*g + 5 = 0, y - 2*g + 158 - 157 = 0. Let j(w) = 47*w**2 - 3*w + 5. Let d(h) = -h**2 + 1. Let a(b) = -3*d(b) + j(b). Is a(y) composite?
True
Suppose -9*h + 186 = -6*h. Let x = -70 + h. Is (-9)/12 + (-17854)/x composite?
True
Let d be (-34)/(-34) - 10634/2. Is 2 - -6*(d/(-8) + 0) prime?
True
Let t = -8 + 15. Suppose t*w - 160021 = -10*w. Is w a prime number?
True
Is -14951*3/(-1)*(-7)/(-21) composite?
False
Suppose 217*v - 6320651 = 200*v. Is v composite?
True
Let m be 1/(4 - (-61715)/(-15430)). Let k be m*((-18)/4 + 4). Let g = 2280 + k. Is g prime?
False
Suppose 4*c + 39 = 3*r + c, -r - 5*c + 1 = 0. Let l(w) = 1049*w + 252. Is l(r) a composite number?
True
Let z(x) = -2*x**3 + 64*x**2 + 12*x + 29. Let d be z(28). Let j = d - 4520. Is j prime?
False
Let d(w) be the second derivative of w**3 - 8*w**2 - w. Let r be d(5). Let c(z) = 2*z**2 - 15*z - 5. Is c(r) a composite number?
True
Let r(y) be the first derivative of y**3/3 - 11*y**2 + 46*y - 27. Let q be r(20). Suppose -2*g = -q*g + 1340. Is g a composite number?
True
Let p(u) = -670*u**2 - 4*u + 1. Let b(n) = 1339*n**2 + 8*n - 3. Let k(z) = 6*b(z) + 11*p(z). Is k(2) a composite number?
False
Let c = 336 - 340. Is (29480/(-32) + -6)/(1/c) composite?
False
Suppose -2*n = -6*n - 4*z + 24340, 0 = -5*n - 3*z + 30427. Suppose 3*i = 2*k + 13217, -5*k - 15934 = -5*i + n. Is i composite?
False
Let n(w) = 268*w**2 + w - 6. Let p be n(-3). Let i = -1532 + p. Is i composite?
True
Suppose 0 = -5*y + 3*w + 136298, -2*y = 3*w - 4*w - 54519. Is y a composite number?
False
Let m(z) = -13*z**3 + 12*z**2 + 31*z - 27. Let b be m(11). Let q = -7339 - b. Is q a prime number?
False
Let c(h) = h**3 - 6*h**2 + 7*h - 13. Let f be c(6). Let v = 32 - f. Suppose -v*n = -3146 - 2245. Is n prime?
False
Suppose -41*w = 83*w - 23*w - 296839. Is w a prime number?
True
Let d(z) = -z**2 - 17 + 51*z - 14*z - 15*z. Let w be d(17). Let g = w - -14. Is g prime?
False
Is -21985*(3 + (-5 - -1)) a composite number?
True
Suppose 0 = 19*q - 18*q - 2213. Suppose 0 = 2*m - q - 4415. Is m a prime number?
False
Let g be 1 - (-1)/3*9. Suppose -7*w = -q - 8*w + 653, g = w. Is q prime?
False
Let n(g) = -11037*g**3 + 6*g**2 + 730*g + 2919. Is n(-4) a composite number?
False
Let q(n) = -2*n**2 + 14*n - 4. Let t be q(7). Let l(w) = -26*w - 35. Let f(d) = -26*d - 34. Let u(i) = t*f(i) + 3*l(i). Is u(11) composite?
False
Let y be (4 + -3)*-2 - 5*-1941. Suppose 0 = 5*p - 4*i - 48459, -p + y = 4*i - 2*i. Suppose -13*r + 8*r = -p. Is r composite?
True
Suppose f - 15 = 2*c, 3*c - 6*c - 19 = 2*f. Is c + -340*(-81)/6 a prime number?
True
Let n(w) = 16*w**2 + 20*w + 2. Let s(d) = 15*d**2 + 22*d + 3. Let y(g) =